{"id":427,"date":"2020-12-01T13:49:53","date_gmt":"2020-12-01T13:49:53","guid":{"rendered":"http:\/\/ecoelte.ymanera.es\/?page_id=427"},"modified":"2021-06-08T07:18:53","modified_gmt":"2021-06-08T07:18:53","slug":"politica-de-privacidad","status":"publish","type":"page","link":"https:\/\/electricidadtenerife.com\/?page_id=427","title":{"rendered":"Politica de Privacidad"},"content":{"rendered":"<p>[et_pb_section fb_built=\u00bb1&#8243; _builder_version=\u00bb4.7.4&#8243; _module_preset=\u00bbdefault\u00bb][et_pb_row _builder_version=\u00bb4.7.4&#8243; _module_preset=\u00bbdefault\u00bb][et_pb_column type=\u00bb4_4&#8243; _builder_version=\u00bb4.7.4&#8243; _module_preset=\u00bbdefault\u00bb][et_pb_text _builder_version=\u00bb4.7.4&#8243; _module_preset=\u00bbdefault\u00bb]<\/p>\n<h2>Pol\u00edtica de Protecci\u00f3n de Datos<\/h2>\n<p>En cumplimiento de la legislaci\u00f3n vigente en materia de<span>\u00a0 <\/span>Protecci\u00f3n de Datos de Car\u00e1cter Personal, se le informa<span>\u00a0 <\/span>de que los datos personales facilitados por usted por medio de la web, as\u00ed como les remitidos a nuestra empresa por cualquier otro medio, ser\u00e1n incorporados a ficheros cuyo responsable es Electricidad Tenerife, S.L., titular de esta web, bajo las siguientes denominaciones y finalidades:<\/p>\n<ul>\n<li><strong>Curr\u00edculos: <\/strong>Gesti\u00f3n de las solicitudes a puestos de trabajo que los candidatos dejan en la oficina, as\u00ed como los que env\u00edan por correo electr\u00f3nico<\/li>\n<\/ul>\n<p>En ning\u00fan caso, Electricidad Tenerife, S.L. tratar\u00e1 los datos personales de los interesados para fines distintos de los anteriormente mencionados, y nos comprometemos a guardar el debido secreto profesional y a establecer las medidas t\u00e9cnicas y organizativas necesarias para salvaguardar la informaci\u00f3n conforme a los requerimientos que establece la legislaci\u00f3n vigente en materia de Protecci\u00f3n de Datos.<\/p>\n<p>Electricidad Tenerife, S.L. recuerda a los usuarios que los datos de car\u00e1cter personal que nos facilite deber\u00e1n ser adecuados, pertinentes y no excesivos en relaci\u00f3n con el \u00e1mbito y las finalidades determinadas, expl\u00edcitas y leg\u00edtimas para las que se hayan obtenido, por ello, abst\u00e9ngase de incluir datos no necesarios. Ser\u00e1n cancelados cuando hayan dejado de ser necesarios o pertinentes para dicha finalidad, o cuando lo solicite el titular en el ejercicio de su derecho de cancelaci\u00f3n.<\/p>\n<p>Igualmente le informamos que nuestro personal y colaboradores con acceso a datos, conocen el alcance del deber de secreto profesional, utilizando los datos de forma adecuada y siguiendo las garant\u00edas de seguridad exigidas legalmente.<\/p>\n<h2>Ejercicio de derechos<\/h2>\n<p>Ante cualquier incidencia que tenga respecto al tratamiento que Electricidad Tenerife, S.L. est\u00e1 realizando sobre sus datos de car\u00e1cter personal, puede ejercer los derechos de acceso, rectificaci\u00f3n, supresi\u00f3n y portabilidad de sus datos, y la limitaci\u00f3n u oposici\u00f3n a su tratamiento, en cualquier momento, por medio de escrito acompa\u00f1ado de documento oficial que le identifique, dirigido a Electricidad Tenerife, S.L.\u2013 Av. Gran Duque, N\u00ba 3, La Gallega, 38108 S\/C de Tenerife \u2013 S\/C de Tenerife, Espa\u00f1a, o al correo de contacto: mail@electricidadtenerife.com. En el caso de no haber obtenido satisfacci\u00f3n en el ejercicio de sus derechos, puede presentar reclamaci\u00f3n ante la Autoridad de Control. Puede usted ponerse en contacto con la Agencia Espa\u00f1ola de Protecci\u00f3n de Datos a trav\u00e9s de la web www.agpd.es.<\/p>\n<h2>Env\u00edo de comunicaciones comerciales y publicidad<\/h2>\n<p><span>S\u00f3lo enviaremos comunicaciones comerciales y publicidad a nuestros clientes, sobre servicios que actualmente estemos ofreciendo y que entendemos que puedan ser \u00fatiles para ellos.<\/span><\/p>\n<p><span>\u00a0<\/span><span>Para realizar el env\u00edo de publicidad ser\u00e1 necesario que usted preste su consentimiento expreso e informado, para lo cual se le proporcionar\u00e1 la informaci\u00f3n necesaria en nuestro establecimiento, as\u00ed como en nuestro formulario de contacto de nuestra p\u00e1gina<\/span><span> web.<\/span><\/p>\n<p><span>Le informamos de que sus datos de contacto electr\u00f3nico est\u00e1n siendo tratados de acuerdo con la normativa <\/span><span>vigente en materia de Protecci\u00f3n de Datos, <\/span><span>conjuntamente con la Ley 34\/2002, de 11 de julio, de Servicios de la Sociedad de la Informaci\u00f3n y de Comercio Electr\u00f3nico,<\/span><span> al objeto de env\u00edo de informaci\u00f3n, respuesta a consultas, y contactos gen\u00e9ricos de <\/span><span>Club Ademi (Asociaci\u00f3n Deportiva para Minusv\u00e1lidos de Tenerife)<\/span><span>. La legitimaci\u00f3n del tratamiento de sus datos personales se basa en su consentimiento expreso para el env\u00edo de comunicaciones, que nos ha proporcionado al facilitarnos su direcci\u00f3n electr\u00f3nica. Puede usted revocar dicho consentimiento en cualquier momento. Sus datos estar\u00e1n en nuestras bases de datos hasta el momento de la revocaci\u00f3n de su consentimiento. <\/span><span>No se ceder\u00e1n sus datos a terceros salvo que exista obligaci\u00f3n legal. No se realizar\u00e1n transferencias internacionales de datos.<\/span><\/p>\n<p><span>\u00a0<\/span><span>Nuestra empresa no adquiere bases de datos de terceros para el env\u00edo de informaci\u00f3n. El env\u00edo de correos electr\u00f3nicos o llamadas telef\u00f3nicas pidiendo informaci\u00f3n y\/o presupuestos sobre nuestros servicios, no dar\u00e1 lugar a la inclusi\u00f3n de sus datos en nuestra lista de distribuci\u00f3n publicitaria.<\/span><\/p>\n<h2>Pol\u00edtica de protecci\u00f3n de menores<\/h2>\n<p>Entendemos que nuestros servicios no ser\u00e1n solicitados por menores de 14 a\u00f1os. Pero, en el caso de que as\u00ed ocurra, informamos de que la solicitud de dichos servicios no ser\u00e1 atendida hasta comprobar la autorizaci\u00f3n por parte del padre, madre o tutor legal.<\/p>\n<h2>Alojamiento de datos y terceros con acceso a datos<\/h2>\n<p>Esta p\u00e1gina web se encuentra hospedada en un servidor ubicado en la Uni\u00f3n Europea. La \u00fanica finalidad es el alojamiento de nuestra web, teniendo la modalidad de hosting, por tanto, la empresa gestora no tendr\u00e1 acceso a sus datos personales.<\/p>\n<p>Igualmente, nuestros correos electr\u00f3nicos, as\u00ed como copias backups en la nube, se encuentran gestionadas por empresas ubicadas dentro del territorio de la Uni\u00f3n Europea, as\u00ed como sus servidores de alojamiento.<\/p>\n<p>Con todos los colaboradores y profesionales externos que acceden a datos personales de nuestra empresa y clientes, hemos formalizado contrato de acceso a datos por cuenta de terceros seg\u00fan lo establecido en la normativa vigente en materia de protecci\u00f3n de datos de car\u00e1cter personal.<\/p>\n<h2>Datos de contacto de clientes y potenciales clientes<\/h2>\n<p><span>Le <\/span><span>informamos de que, en el caso de que nos proporcione datos de contacto al pedirnos informaci\u00f3n o solicitarnos alg\u00fan servicio, sus datos de contacto electr\u00f3nico ser\u00e1n tratados de acuerdo con la normativa europea <\/span>vigente en materia de Protecci\u00f3n de Datos y resto de normas concordantes, conjuntamente con la Ley 34\/2002, de 11 de julio, de Servicios de la Sociedad de la Informaci\u00f3n y de Comercio Electr\u00f3nico,<span> al objeto de env\u00edo de informaci\u00f3n, respuesta a consultas, y contactos gen\u00e9ricos. Mantendremos sus datos de contacto durante el tiempo en que mantenga la relaci\u00f3n comercial con nosotros, o hasta el momento en que revoque su consentimiento para el uso de los mismos. La legitimaci\u00f3n para el tratamiento de sus datos de correo electr\u00f3nico est\u00e1 basada en su consentimiento expreso, el cual ha declarado al proporcionarnos su direcci\u00f3n electr\u00f3nica. No se realizar\u00e1n cesiones de sus datos de contacto, salvo obligaci\u00f3n legal. No se realizar\u00e1n transferencias internacionales de datos<\/span><span>.<\/span><\/p>\n<h2>Facturaci\u00f3n<\/h2>\n<p>En el caso de que contrate nuestros servicios, queda informado y consiente de forma expresa, que sus datos personales facilitados a Electricidad Tenerife, S.L. <span>sean utilizados <\/span>con la finalidad de gestionar la facturaci\u00f3n a fin de cumplir con nuestros servicios realizaci\u00f3n de instalaciones el\u00e9ctricas. La base legal para el tratamiento de sus datos personales es la obligatoriedad de emitir facturas por la entrega bienes y prestaciones de servicios, recogida en la Ley 58\/2003, de 17 de diciembre, General Tributaria. Sus datos estar\u00e1n en nuestra base de datos durante el tiempo que mantenga relaci\u00f3n con nuestra empresa y desde su finalizaci\u00f3n, durante los a\u00f1os de prescripci\u00f3n legalmente establecidos en materia contable y fiscal. Sobre sus datos podr\u00e1n acceder nuestros asesores externos en materia contable y fiscal y, en su caso, las administraciones p\u00fablicas competentes. Esta comunicaci\u00f3n es necesaria para la realizaci\u00f3n de nuestros servicios. No se ceder\u00e1n sus datos a otros terceros, salvo que exista obligaci\u00f3n legal.<\/p>\n<h2>Env\u00edo de CV<\/h2>\n<p>Nuestra pol\u00edtica interna sobre la recepci\u00f3n de curr\u00edculos establece que los mismos sean recogidos por medio de nuestra direcci\u00f3n de correo electr\u00f3nico mail@electricidadtenerife.com o en mano en nuestro establecimiento.<\/p>\n<p>Le comunicamos que los datos de curr\u00edculo que nos ha enviado ser\u00e1n utilizados, con la finalidad de gestionar su participaci\u00f3n en los procesos de selecci\u00f3n de personal de Electricidad Tenerife, S.L. En ning\u00fan caso los utilizaremos para otra finalidad, manteni\u00e9ndolos bajo las medidas de seguridad necesarias conforme establece la normativa europea vigente en materia de Protecci\u00f3n de Datos, y resto de legislaci\u00f3n concordante. La legitimaci\u00f3n para realizar el tratamiento de sus datos ser\u00e1 en base a su consentimiento expreso. La recogida de sus datos curriculares es obligatoria para poder participar en los procesos de selecci\u00f3n de personal. No se ceder\u00e1n sus datos a otros terceros, salvo que exista obligaci\u00f3n legal. No se realizar\u00e1n transferencias internacionales de datos.<\/p>\n<p>En caso de no ser seleccionado\/a en el presente proceso de selecci\u00f3n de personal, mantendremos sus datos personales durante 3 a\u00f1os, a fin de poder utilizarlos en futuros procesos de selecci\u00f3n. Por esa raz\u00f3n, le rogamos que en caso de que se produzca alguna modificaci\u00f3n de los mismos nos lo comunique oportunamente.<\/p>\n<p>Igualmente, le recordamos que los datos facilitados deben de ser adecuados, pertinentes y limitados a lo necesario para la selecci\u00f3n de personal, por ello, abst\u00e9ngase de incluir informaci\u00f3n no necesaria a su curr\u00edculo.<\/p>\n<h2>Gesti\u00f3n de usuarios y contrase\u00f1a<\/h2>\n<p>La gesti\u00f3n de usuarios y contrase\u00f1as online de esta web se realiza por medio del <span>proveedor del servicio de la p\u00e1gina <\/span>con quien el titular de la misma mantiene una relaci\u00f3n contractual que cubre los requerimientos establecidos en la normativa vigente en materia de Protecci\u00f3n de Datos.<\/p>\n<h2>Modificaci\u00f3n de las presentes condiciones y duraci\u00f3n<\/h2>\n<p>El titular de esta web podr\u00e1 modificar en cualquier momento las condiciones aqu\u00ed determinadas, siendo debidamente publicadas como aqu\u00ed aparecen, por sus propios criterios o motivado por la modificaci\u00f3n de legislaci\u00f3n o directrices de la Agencia Espa\u00f1ola de Protecci\u00f3n de Datos. La vigencia de las citadas condiciones se aplicar\u00e1 hasta que sean modificadas por otras debidamente publicadas.<\/p>\n<h2>Legislaci\u00f3n y jurisdicci\u00f3n<\/h2>\n<p>La legislaci\u00f3n aplicable al contenido del sitio web ser\u00e1 la espa\u00f1ola y la jurisdicci\u00f3n, la correspondiente a los Juzgados y Tribunales competentes en Santa Cruz de Tenerife.\u00a0<\/p>\n<p><em>\u00daltima modificaci\u00f3n: 18 de noviembre de 2020<\/em><\/p>\n<p>[\/et_pb_text][\/et_pb_column][\/et_pb_row][\/et_pb_section]<\/p>\n","protected":false},"excerpt":{"rendered":"<p>Pol\u00edtica de Protecci\u00f3n de Datos En cumplimiento de la legislaci\u00f3n vigente en materia de\u00a0 Protecci\u00f3n de Datos de Car\u00e1cter Personal, se le informa\u00a0 de que los datos personales facilitados por usted por medio de la web, as\u00ed como les remitidos a nuestra empresa por cualquier otro medio, ser\u00e1n incorporados a ficheros cuyo responsable es Electricidad [&hellip;]<\/p>\n","protected":false},"author":1,"featured_media":748,"parent":0,"menu_order":0,"comment_status":"closed","ping_status":"closed","template":"","meta":{"_et_pb_use_builder":"on","_et_pb_old_content":"","_et_gb_content_width":"","footnotes":""},"class_list":["post-427","page","type-page","status-publish","has-post-thumbnail","hentry"],"_links":{"self":[{"href":"https:\/\/electricidadtenerife.com\/index.php?rest_route=\/wp\/v2\/pages\/427","targetHints":{"allow":["GET"]}}],"collection":[{"href":"https:\/\/electricidadtenerife.com\/index.php?rest_route=\/wp\/v2\/pages"}],"about":[{"href":"https:\/\/electricidadtenerife.com\/index.php?rest_route=\/wp\/v2\/types\/page"}],"author":[{"embeddable":true,"href":"https:\/\/electricidadtenerife.com\/index.php?rest_route=\/wp\/v2\/users\/1"}],"replies":[{"embeddable":true,"href":"https:\/\/electricidadtenerife.com\/index.php?rest_route=%2Fwp%2Fv2%2Fcomments&post=427"}],"version-history":[{"count":5,"href":"https:\/\/electricidadtenerife.com\/index.php?rest_route=\/wp\/v2\/pages\/427\/revisions"}],"predecessor-version":[{"id":435,"href":"https:\/\/electricidadtenerife.com\/index.php?rest_route=\/wp\/v2\/pages\/427\/revisions\/435"}],"wp:featuredmedia":[{"embeddable":true,"href":"https:\/\/electricidadtenerife.com\/index.php?rest_route=\/wp\/v2\/media\/748"}],"wp:attachment":[{"href":"https:\/\/electricidadtenerife.com\/index.php?rest_route=%2Fwp%2Fv2%2Fmedia&parent=427"}],"curies":[{"name":"wp","href":"https:\/\/api.w.org\/{rel}","templated":true}]}}