{"id":427,"date":"2020-12-01T13:49:53","date_gmt":"2020-12-01T13:49:53","guid":{"rendered":"http:\/\/ecoelte.ymanera.es\/?page_id=427"},"modified":"2021-06-08T07:18:53","modified_gmt":"2021-06-08T07:18:53","slug":"politica-de-privacidad","status":"publish","type":"page","link":"https:\/\/electricidadtenerife.com\/?page_id=427","title":{"rendered":"Politica de Privacidad"},"content":{"rendered":"<p>[et_pb_section fb_built=\u00bb1&#8243; _builder_version=\u00bb4.7.4&#8243; _module_preset=\u00bbdefault\u00bb][et_pb_row _builder_version=\u00bb4.7.4&#8243; _module_preset=\u00bbdefault\u00bb][et_pb_column type=\u00bb4_4&#8243; _builder_version=\u00bb4.7.4&#8243; _module_preset=\u00bbdefault\u00bb][et_pb_text _builder_version=\u00bb4.7.4&#8243; _module_preset=\u00bbdefault\u00bb]<\/p>\n<h2>Pol\u00edtica de Protecci\u00f3n de Datos<\/h2>\n<p>En cumplimiento de la legislaci\u00f3n vigente en materia de<span>\u00a0 <\/span>Protecci\u00f3n de Datos de Car\u00e1cter Personal, se le informa<span>\u00a0 <\/span>de que los datos personales facilitados por usted por medio de la web, as\u00ed como les remitidos a nuestra empresa por cualquier otro medio, ser\u00e1n incorporados a ficheros cuyo responsable es Electricidad Tenerife, S.L., titular de esta web, bajo las siguientes denominaciones y finalidades:<\/p>\n<ul>\n<li><strong>Curr\u00edculos: <\/strong>Gesti\u00f3n de las solicitudes a puestos de trabajo que los candidatos dejan en la oficina, as\u00ed como los que env\u00edan por correo electr\u00f3nico<\/li>\n<\/ul>\n<p>En ning\u00fan caso, Electricidad Tenerife, S.L. tratar\u00e1 los datos personales de los interesados para fines distintos de los anteriormente mencionados, y nos comprometemos a guardar el debido secreto profesional y a establecer las medidas t\u00e9cnicas y organizativas necesarias para salvaguardar la informaci\u00f3n conforme a los requerimientos que establece la legislaci\u00f3n vigente en materia de Protecci\u00f3n de Datos.<\/p>\n<p>Electricidad Tenerife, S.L. recuerda a los usuarios que los datos de car\u00e1cter personal que nos facilite deber\u00e1n ser adecuados, pertinentes y no excesivos en relaci\u00f3n con el \u00e1mbito y las finalidades determinadas, expl\u00edcitas y leg\u00edtimas para las que se hayan obtenido, por ello, abst\u00e9ngase de incluir datos no necesarios. Ser\u00e1n cancelados cuando hayan dejado de ser necesarios o pertinentes para dicha finalidad, o cuando lo solicite el titular en el ejercicio de su derecho de cancelaci\u00f3n.<\/p>\n<p>Igualmente le informamos que nuestro personal y colaboradores con acceso a datos, conocen el alcance del deber de secreto profesional, utilizando los datos de forma adecuada y siguiendo las garant\u00edas de seguridad exigidas legalmente.<\/p>\n<h2>Ejercicio de derechos<\/h2>\n<p>Ante cualquier incidencia que tenga respecto al tratamiento que Electricidad Tenerife, S.L. est\u00e1 realizando sobre sus datos de car\u00e1cter personal, puede ejercer los derechos de acceso, rectificaci\u00f3n, supresi\u00f3n y portabilidad de sus datos, y la limitaci\u00f3n u oposici\u00f3n a su tratamiento, en cualquier momento, por medio de escrito acompa\u00f1ado de documento oficial que le identifique, dirigido a Electricidad Tenerife, S.L.\u2013 Av. Gran Duque, N\u00ba 3, La Gallega, 38108 S\/C de Tenerife \u2013 S\/C de Tenerife, Espa\u00f1a, o al correo de contacto: mail@electricidadtenerife.com. En el caso de no haber obtenido satisfacci\u00f3n en el ejercicio de sus derechos, puede presentar reclamaci\u00f3n ante la Autoridad de Control. Puede usted ponerse en contacto con la Agencia Espa\u00f1ola de Protecci\u00f3n de Datos a trav\u00e9s de la web www.agpd.es.<\/p>\n<h2>Env\u00edo de comunicaciones comerciales y publicidad<\/h2>\n<p><span>S\u00f3lo enviaremos comunicaciones comerciales y publicidad a nuestros clientes, sobre servicios que actualmente estemos ofreciendo y que entendemos que puedan ser \u00fatiles para ellos.<\/span><\/p>\n<p><span>\u00a0<\/span><span>Para realizar el env\u00edo de publicidad ser\u00e1 necesario que usted preste su consentimiento expreso e informado, para lo cual se le proporcionar\u00e1 la informaci\u00f3n necesaria en nuestro establecimiento, as\u00ed como en nuestro formulario de contacto de nuestra p\u00e1gina<\/span><span> web.<\/span><\/p>\n<p><span>Le informamos de que sus datos de contacto electr\u00f3nico est\u00e1n siendo tratados de acuerdo con la normativa <\/span><span>vigente en materia de Protecci\u00f3n de Datos, <\/span><span>conjuntamente con la Ley 34\/2002, de 11 de julio, de Servicios de la Sociedad de la Informaci\u00f3n y de Comercio Electr\u00f3nico,<\/span><span> al objeto de env\u00edo de informaci\u00f3n, respuesta a consultas, y contactos gen\u00e9ricos de <\/span><span>Club Ademi (Asociaci\u00f3n Deportiva para Minusv\u00e1lidos de Tenerife)<\/span><span>. La legitimaci\u00f3n del tratamiento de sus datos personales se basa en su consentimiento expreso para el env\u00edo de comunicaciones, que nos ha proporcionado al facilitarnos su direcci\u00f3n electr\u00f3nica. Puede usted revocar dicho consentimiento en cualquier momento. Sus datos estar\u00e1n en nuestras bases de datos hasta el momento de la revocaci\u00f3n de su consentimiento. <\/span><span>No se ceder\u00e1n sus datos a terceros salvo que exista obligaci\u00f3n legal. No se realizar\u00e1n transferencias internacionales de datos.<\/span><\/p>\n<p><span>\u00a0<\/span><span>Nuestra empresa no adquiere bases de datos de terceros para el env\u00edo de informaci\u00f3n. El env\u00edo de correos electr\u00f3nicos o llamadas telef\u00f3nicas pidiendo informaci\u00f3n y\/o presupuestos sobre nuestros servicios, no dar\u00e1 lugar a la inclusi\u00f3n de sus datos en nuestra lista de distribuci\u00f3n publicitaria.<\/span><\/p>\n<h2>Pol\u00edtica de protecci\u00f3n de menores<\/h2>\n<p>Entendemos que nuestros servicios no ser\u00e1n solicitados por menores de 14 a\u00f1os. Pero, en el caso de que as\u00ed ocurra, informamos de que la solicitud de dichos servicios no ser\u00e1 atendida hasta comprobar la autorizaci\u00f3n por parte del padre, madre o tutor legal.<\/p>\n<h2>Alojamiento de datos y terceros con acceso a datos<\/h2>\n<p>Esta p\u00e1gina web se encuentra hospedada en un servidor ubicado en la Uni\u00f3n Europea. La \u00fanica finalidad es el alojamiento de nuestra web, teniendo la modalidad de hosting, por tanto, la empresa gestora no tendr\u00e1 acceso a sus datos personales.<\/p>\n<p>Igualmente, nuestros correos electr\u00f3nicos, as\u00ed como copias backups en la nube, se encuentran gestionadas por empresas ubicadas dentro del territorio de la Uni\u00f3n Europea, as\u00ed como sus servidores de alojamiento.<\/p>\n<p>Con todos los colaboradores y profesionales externos que acceden a datos personales de nuestra empresa y clientes, hemos formalizado contrato de acceso a datos por cuenta de terceros seg\u00fan lo establecido en la normativa vigente en materia de protecci\u00f3n de datos de car\u00e1cter personal.<\/p>\n<h2>Datos de contacto de clientes y potenciales clientes<\/h2>\n<p><span>Le <\/span><span>informamos de que, en el caso de que nos proporcione datos de contacto al pedirnos informaci\u00f3n o solicitarnos alg\u00fan servicio, sus datos de contacto electr\u00f3nico ser\u00e1n tratados de acuerdo con la normativa europea <\/span>vigente en materia de Protecci\u00f3n de Datos y resto de normas concordantes, conjuntamente con la Ley 34\/2002, de 11 de julio, de Servicios de la Sociedad de la Informaci\u00f3n y de Comercio Electr\u00f3nico,<span> al objeto de env\u00edo de informaci\u00f3n, respuesta a consultas, y contactos gen\u00e9ricos. Mantendremos sus datos de contacto durante el tiempo en que mantenga la relaci\u00f3n comercial con nosotros, o hasta el momento en que revoque su consentimiento para el uso de los mismos. La legitimaci\u00f3n para el tratamiento de sus datos de correo electr\u00f3nico est\u00e1 basada en su consentimiento expreso, el cual ha declarado al proporcionarnos su direcci\u00f3n electr\u00f3nica. No se realizar\u00e1n cesiones de sus datos de contacto, salvo obligaci\u00f3n legal. No se realizar\u00e1n transferencias internacionales de datos<\/span><span>.<\/span><\/p>\n<h2>Facturaci\u00f3n<\/h2>\n<p>En el caso de que contrate nuestros servicios, queda informado y consiente de forma expresa, que sus datos personales facilitados a Electricidad Tenerife, S.L. <span>sean utilizados <\/span>con la finalidad de gestionar la facturaci\u00f3n a fin de cumplir con nuestros servicios realizaci\u00f3n de instalaciones el\u00e9ctricas. La base legal para el tratamiento de sus datos personales es la obligatoriedad de emitir facturas por la entrega bienes y prestaciones de servicios, recogida en la Ley 58\/2003, de 17 de diciembre, General Tributaria. Sus datos estar\u00e1n en nuestra base de datos durante el tiempo que mantenga relaci\u00f3n con nuestra empresa y desde su finalizaci\u00f3n, durante los a\u00f1os de prescripci\u00f3n legalmente establecidos en materia contable y fiscal. Sobre sus datos podr\u00e1n acceder nuestros asesores externos en materia contable y fiscal y, en su caso, las administraciones p\u00fablicas competentes. Esta comunicaci\u00f3n es necesaria para la realizaci\u00f3n de nuestros servicios. No se ceder\u00e1n sus datos a otros terceros, salvo que exista obligaci\u00f3n legal.<\/p>\n<h2>Env\u00edo de CV<\/h2>\n<p>Nuestra pol\u00edtica interna sobre la recepci\u00f3n de curr\u00edculos establece que los mismos sean recogidos por medio de nuestra direcci\u00f3n de correo electr\u00f3nico mail@electricidadtenerife.com o en mano en nuestro establecimiento.<\/p>\n<p>Le comunicamos que los datos de curr\u00edculo que nos ha enviado ser\u00e1n utilizados, con la finalidad de gestionar su participaci\u00f3n en los procesos de selecci\u00f3n de personal de Electricidad Tenerife, S.L. En ning\u00fan caso los utilizaremos para otra finalidad, manteni\u00e9ndolos bajo las medidas de seguridad necesarias conforme establece la normativa europea vigente en materia de Protecci\u00f3n de Datos, y resto de legislaci\u00f3n concordante. La legitimaci\u00f3n para realizar el tratamiento de sus datos ser\u00e1 en base a su consentimiento expreso. La recogida de sus datos curriculares es obligatoria para poder participar en los procesos de selecci\u00f3n de personal. No se ceder\u00e1n sus datos a otros terceros, salvo que exista obligaci\u00f3n legal. No se realizar\u00e1n transferencias internacionales de datos.<\/p>\n<p>En caso de no ser seleccionado\/a en el presente proceso de selecci\u00f3n de personal, mantendremos sus datos personales durante 3 a\u00f1os, a fin de poder utilizarlos en futuros procesos de selecci\u00f3n. Por esa raz\u00f3n, le rogamos que en caso de que se produzca alguna modificaci\u00f3n de los mismos nos lo comunique oportunamente.<\/p>\n<p>Igualmente, le recordamos que los datos facilitados deben de ser adecuados, pertinentes y limitados a lo necesario para la selecci\u00f3n de personal, por ello, abst\u00e9ngase de incluir informaci\u00f3n no necesaria a su curr\u00edculo.<\/p>\n<h2>Gesti\u00f3n de usuarios y contrase\u00f1a<\/h2>\n<p>La gesti\u00f3n de usuarios y contrase\u00f1as online de esta web se realiza por medio del <span>proveedor del servicio de la p\u00e1gina <\/span>con quien el titular de la misma mantiene una relaci\u00f3n contractual que cubre los requerimientos establecidos en la normativa vigente en materia de Protecci\u00f3n de Datos.<\/p>\n<h2>Modificaci\u00f3n de las presentes condiciones y duraci\u00f3n<\/h2>\n<p>El titular de esta web podr\u00e1 modificar en cualquier momento las condiciones aqu\u00ed determinadas, siendo debidamente publicadas como aqu\u00ed aparecen, por sus propios criterios o motivado por la modificaci\u00f3n de legislaci\u00f3n o directrices de la Agencia Espa\u00f1ola de Protecci\u00f3n de Datos. La vigencia de las citadas condiciones se aplicar\u00e1 hasta que sean modificadas por otras debidamente publicadas.<\/p>\n<h2>Legislaci\u00f3n y jurisdicci\u00f3n<\/h2>\n<p>La legislaci\u00f3n aplicable al contenido del sitio web ser\u00e1 la espa\u00f1ola y la jurisdicci\u00f3n, la correspondiente a los Juzgados y Tribunales competentes en Santa Cruz de Tenerife.\u00a0<\/p>\n<p><em>\u00daltima modificaci\u00f3n: 18 de noviembre de 2020<\/em><\/p>\n<p>[\/et_pb_text][\/et_pb_column][\/et_pb_row][\/et_pb_section]<\/p>\n","protected":false},"excerpt":{"rendered":"<p>Pol\u00edtica de Protecci\u00f3n de Datos En cumplimiento de la legislaci\u00f3n vigente en materia de\u00a0 Protecci\u00f3n de Datos de Car\u00e1cter Personal, se le informa\u00a0 de que los datos personales facilitados por usted por medio de la web, as\u00ed como les remitidos a nuestra empresa por cualquier otro medio, ser\u00e1n incorporados a ficheros cuyo responsable es Electricidad [&hellip;]<\/p>\n","protected":false},"author":1,"featured_media":748,"parent":0,"menu_order":0,"comment_status":"closed","ping_status":"closed","template":"","meta":{"_et_pb_use_builder":"on","_et_pb_old_content":"","_et_gb_content_width":"","footnotes":""},"class_list":["post-427","page","type-page","status-publish","has-post-thumbnail","hentry"],"_links":{"self":[{"href":"https:\/\/electricidadtenerife.com\/index.php?rest_route=\/wp\/v2\/pages\/427","targetHints":{"allow":["GET"]}}],"collection":[{"href":"https:\/\/electricidadtenerife.com\/index.php?rest_route=\/wp\/v2\/pages"}],"about":[{"href":"https:\/\/electricidadtenerife.com\/index.php?rest_route=\/wp\/v2\/types\/page"}],"author":[{"embeddable":true,"href":"https:\/\/electricidadtenerife.com\/index.php?rest_route=\/wp\/v2\/users\/1"}],"replies":[{"embeddable":true,"href":"https:\/\/electricidadtenerife.com\/index.php?rest_route=%2Fwp%2Fv2%2Fcomments&post=427"}],"version-history":[{"count":5,"href":"https:\/\/electricidadtenerife.com\/index.php?rest_route=\/wp\/v2\/pages\/427\/revisions"}],"predecessor-version":[{"id":435,"href":"https:\/\/electricidadtenerife.com\/index.php?rest_route=\/wp\/v2\/pages\/427\/revisions\/435"}],"wp:featuredmedia":[{"embeddable":true,"href":"https:\/\/electricidadtenerife.com\/index.php?rest_route=\/wp\/v2\/media\/748"}],"wp:attachment":[{"href":"https:\/\/electricidadtenerife.com\/index.php?rest_route=%2Fwp%2Fv2%2Fmedia&parent=427"}],"curies":[{"name":"wp","href":"https:\/\/api.w.org\/{rel}","templated":true}]}}

<p>[et_pb_section fb_built=»1&#8243; _builder_version=»4.7.4&#8243; _module_preset=»default»][et_pb_row _builder_version=»4.7.4&#8243; _module_preset=»default»][et_pb_column type=»4_4&#8243; _builder_version=»4.7.4&#8243; _module_preset=»default»][et_pb_text _builder_version=»4.7.4&#8243; _module_preset=»default»]</p>
<h2>Política de Protección de Datos</h2>
<p>En cumplimiento de la legislación vigente en materia de<span>  </span>Protección de Datos de Carácter Personal, se le informa<span>  </span>de que los datos personales facilitados por usted por medio de la web, así como les remitidos a nuestra empresa por cualquier otro medio, serán incorporados a ficheros cuyo responsable es Electricidad Tenerife, S.L., titular de esta web, bajo las siguientes denominaciones y finalidades:</p>
<ul>
<li><strong>Currículos: </strong>Gestión de las solicitudes a puestos de trabajo que los candidatos dejan en la oficina, así como los que envían por correo electrónico</li>
</ul>
<p>En ningún caso, Electricidad Tenerife, S.L. tratará los datos personales de los interesados para fines distintos de los anteriormente mencionados, y nos comprometemos a guardar el debido secreto profesional y a establecer las medidas técnicas y organizativas necesarias para salvaguardar la información conforme a los requerimientos que establece la legislación vigente en materia de Protección de Datos.</p>
<p>Electricidad Tenerife, S.L. recuerda a los usuarios que los datos de carácter personal que nos facilite deberán ser adecuados, pertinentes y no excesivos en relación con el ámbito y las finalidades determinadas, explícitas y legítimas para las que se hayan obtenido, por ello, absténgase de incluir datos no necesarios. Serán cancelados cuando hayan dejado de ser necesarios o pertinentes para dicha finalidad, o cuando lo solicite el titular en el ejercicio de su derecho de cancelación.</p>
<p>Igualmente le informamos que nuestro personal y colaboradores con acceso a datos, conocen el alcance del deber de secreto profesional, utilizando los datos de forma adecuada y siguiendo las garantías de seguridad exigidas legalmente.</p>
<h2>Ejercicio de derechos</h2>
<p>Ante cualquier incidencia que tenga respecto al tratamiento que Electricidad Tenerife, S.L. está realizando sobre sus datos de carácter personal, puede ejercer los derechos de acceso, rectificación, supresión y portabilidad de sus datos, y la limitación u oposición a su tratamiento, en cualquier momento, por medio de escrito acompañado de documento oficial que le identifique, dirigido a Electricidad Tenerife, S.L.– Av. Gran Duque, Nº 3, La Gallega, 38108 S/C de Tenerife – S/C de Tenerife, España, o al correo de contacto: mail@electricidadtenerife.com. En el caso de no haber obtenido satisfacción en el ejercicio de sus derechos, puede presentar reclamación ante la Autoridad de Control. Puede usted ponerse en contacto con la Agencia Española de Protección de Datos a través de la web www.agpd.es.</p>
<h2>Envío de comunicaciones comerciales y publicidad</h2>
<p><span>Sólo enviaremos comunicaciones comerciales y publicidad a nuestros clientes, sobre servicios que actualmente estemos ofreciendo y que entendemos que puedan ser útiles para ellos.</span></p>
<p><span> </span><span>Para realizar el envío de publicidad será necesario que usted preste su consentimiento expreso e informado, para lo cual se le proporcionará la información necesaria en nuestro establecimiento, así como en nuestro formulario de contacto de nuestra página</span><span> web.</span></p>
<p><span>Le informamos de que sus datos de contacto electrónico están siendo tratados de acuerdo con la normativa </span><span>vigente en materia de Protección de Datos, </span><span>conjuntamente con la Ley 34/2002, de 11 de julio, de Servicios de la Sociedad de la Información y de Comercio Electrónico,</span><span> al objeto de envío de información, respuesta a consultas, y contactos genéricos de </span><span>Club Ademi (Asociación Deportiva para Minusválidos de Tenerife)</span><span>. La legitimación del tratamiento de sus datos personales se basa en su consentimiento expreso para el envío de comunicaciones, que nos ha proporcionado al facilitarnos su dirección electrónica. Puede usted revocar dicho consentimiento en cualquier momento. Sus datos estarán en nuestras bases de datos hasta el momento de la revocación de su consentimiento. </span><span>No se cederán sus datos a terceros salvo que exista obligación legal. No se realizarán transferencias internacionales de datos.</span></p>
<p><span> </span><span>Nuestra empresa no adquiere bases de datos de terceros para el envío de información. El envío de correos electrónicos o llamadas telefónicas pidiendo información y/o presupuestos sobre nuestros servicios, no dará lugar a la inclusión de sus datos en nuestra lista de distribución publicitaria.</span></p>
<h2>Política de protección de menores</h2>
<p>Entendemos que nuestros servicios no serán solicitados por menores de 14 años. Pero, en el caso de que así ocurra, informamos de que la solicitud de dichos servicios no será atendida hasta comprobar la autorización por parte del padre, madre o tutor legal.</p>
<h2>Alojamiento de datos y terceros con acceso a datos</h2>
<p>Esta página web se encuentra hospedada en un servidor ubicado en la Unión Europea. La única finalidad es el alojamiento de nuestra web, teniendo la modalidad de hosting, por tanto, la empresa gestora no tendrá acceso a sus datos personales.</p>
<p>Igualmente, nuestros correos electrónicos, así como copias backups en la nube, se encuentran gestionadas por empresas ubicadas dentro del territorio de la Unión Europea, así como sus servidores de alojamiento.</p>
<p>Con todos los colaboradores y profesionales externos que acceden a datos personales de nuestra empresa y clientes, hemos formalizado contrato de acceso a datos por cuenta de terceros según lo establecido en la normativa vigente en materia de protección de datos de carácter personal.</p>
<h2>Datos de contacto de clientes y potenciales clientes</h2>
<p><span>Le </span><span>informamos de que, en el caso de que nos proporcione datos de contacto al pedirnos información o solicitarnos algún servicio, sus datos de contacto electrónico serán tratados de acuerdo con la normativa europea </span>vigente en materia de Protección de Datos y resto de normas concordantes, conjuntamente con la Ley 34/2002, de 11 de julio, de Servicios de la Sociedad de la Información y de Comercio Electrónico,<span> al objeto de envío de información, respuesta a consultas, y contactos genéricos. Mantendremos sus datos de contacto durante el tiempo en que mantenga la relación comercial con nosotros, o hasta el momento en que revoque su consentimiento para el uso de los mismos. La legitimación para el tratamiento de sus datos de correo electrónico está basada en su consentimiento expreso, el cual ha declarado al proporcionarnos su dirección electrónica. No se realizarán cesiones de sus datos de contacto, salvo obligación legal. No se realizarán transferencias internacionales de datos</span><span>.</span></p>
<h2>Facturación</h2>
<p>En el caso de que contrate nuestros servicios, queda informado y consiente de forma expresa, que sus datos personales facilitados a Electricidad Tenerife, S.L. <span>sean utilizados </span>con la finalidad de gestionar la facturación a fin de cumplir con nuestros servicios realización de instalaciones eléctricas. La base legal para el tratamiento de sus datos personales es la obligatoriedad de emitir facturas por la entrega bienes y prestaciones de servicios, recogida en la Ley 58/2003, de 17 de diciembre, General Tributaria. Sus datos estarán en nuestra base de datos durante el tiempo que mantenga relación con nuestra empresa y desde su finalización, durante los años de prescripción legalmente establecidos en materia contable y fiscal. Sobre sus datos podrán acceder nuestros asesores externos en materia contable y fiscal y, en su caso, las administraciones públicas competentes. Esta comunicación es necesaria para la realización de nuestros servicios. No se cederán sus datos a otros terceros, salvo que exista obligación legal.</p>
<h2>Envío de CV</h2>
<p>Nuestra política interna sobre la recepción de currículos establece que los mismos sean recogidos por medio de nuestra dirección de correo electrónico mail@electricidadtenerife.com o en mano en nuestro establecimiento.</p>
<p>Le comunicamos que los datos de currículo que nos ha enviado serán utilizados, con la finalidad de gestionar su participación en los procesos de selección de personal de Electricidad Tenerife, S.L. En ningún caso los utilizaremos para otra finalidad, manteniéndolos bajo las medidas de seguridad necesarias conforme establece la normativa europea vigente en materia de Protección de Datos, y resto de legislación concordante. La legitimación para realizar el tratamiento de sus datos será en base a su consentimiento expreso. La recogida de sus datos curriculares es obligatoria para poder participar en los procesos de selección de personal. No se cederán sus datos a otros terceros, salvo que exista obligación legal. No se realizarán transferencias internacionales de datos.</p>
<p>En caso de no ser seleccionado/a en el presente proceso de selección de personal, mantendremos sus datos personales durante 3 años, a fin de poder utilizarlos en futuros procesos de selección. Por esa razón, le rogamos que en caso de que se produzca alguna modificación de los mismos nos lo comunique oportunamente.</p>
<p>Igualmente, le recordamos que los datos facilitados deben de ser adecuados, pertinentes y limitados a lo necesario para la selección de personal, por ello, absténgase de incluir información no necesaria a su currículo.</p>
<h2>Gestión de usuarios y contraseña</h2>
<p>La gestión de usuarios y contraseñas online de esta web se realiza por medio del <span>proveedor del servicio de la página </span>con quien el titular de la misma mantiene una relación contractual que cubre los requerimientos establecidos en la normativa vigente en materia de Protección de Datos.</p>
<h2>Modificación de las presentes condiciones y duración</h2>
<p>El titular de esta web podrá modificar en cualquier momento las condiciones aquí determinadas, siendo debidamente publicadas como aquí aparecen, por sus propios criterios o motivado por la modificación de legislación o directrices de la Agencia Española de Protección de Datos. La vigencia de las citadas condiciones se aplicará hasta que sean modificadas por otras debidamente publicadas.</p>
<h2>Legislación y jurisdicción</h2>
<p>La legislación aplicable al contenido del sitio web será la española y la jurisdicción, la correspondiente a los Juzgados y Tribunales competentes en Santa Cruz de Tenerife. </p>
<p><em>Última modificación: 18 de noviembre de 2020</em></p>
<p>[/et_pb_text][/et_pb_column][/et_pb_row][/et_pb_section]</p>

<p>Política de Protección de Datos En cumplimiento de la legislación vigente en materia de  Protección de Datos de Carácter Personal, se le informa  de que los datos personales facilitados por usted por medio de la web, así como les remitidos a nuestra empresa por cualquier otro medio, serán incorporados a ficheros cuyo responsable es Electricidad [&hellip;]</p>
