{"id":69,"date":"2017-01-02T13:50:18","date_gmt":"2017-01-02T13:50:18","guid":{"rendered":"http:\/\/ecoelte.ymanera.es\/?page_id=69"},"modified":"2021-06-08T07:20:24","modified_gmt":"2021-06-08T07:20:24","slug":"proteccion-de-datos","status":"publish","type":"page","link":"https:\/\/electricidadtenerife.com\/?page_id=69","title":{"rendered":"Protecci\u00f3n de Datos"},"content":{"rendered":"<p>[et_pb_section fb_built=\u00bb1&#8243; admin_label=\u00bbsection\u00bb _builder_version=\u00bb3.22&#8243;][et_pb_row admin_label=\u00bbrow\u00bb _builder_version=\u00bb3.25&#8243; background_size=\u00bbinitial\u00bb background_position=\u00bbtop_left\u00bb background_repeat=\u00bbrepeat\u00bb][et_pb_column type=\u00bb4_4&#8243; _builder_version=\u00bb3.25&#8243; custom_padding=\u00bb|||\u00bb custom_padding__hover=\u00bb|||\u00bb][et_pb_text admin_label=\u00bbText\u00bb _builder_version=\u00bb3.27.4&#8243; background_size=\u00bbinitial\u00bb background_position=\u00bbtop_left\u00bb background_repeat=\u00bbrepeat\u00bb]<\/p>\n<h4 class=\"p1\"><span class=\"s1\">Pol\u00edtica de Protecci\u00f3n de Datos<\/span><\/h4>\n<p class=\"p2\"><span class=\"s1\">En cumplimiento de la Ley Org\u00e1nica 15\/1999 de Protecci\u00f3n de Datos de Car\u00e1cter Personal, informamos que los datos personales facilitados mediante el env\u00edo de correos electr\u00f3nicos o cualquier otro tipo de solicitud de informaci\u00f3n, ser\u00e1n incorporados al fichero P\u00c1GINA WEB, REDES SOCIALES Y CORREO, titularidad de Electricidad Tenerife, S.L. con la finalidad de facilitarle la informaci\u00f3n solicitada acerca de nuestros servicios. El interesado presta su consentimiento expreso para el tratamiento de sus datos personales y para recibir comunicaciones comerciales sobre nuestros servicios.<\/span><\/p>\n<p class=\"p2\"><span class=\"s1\">Asimismo, le comunicamos que, en el caso de que nos remita su curr\u00edculo por correo electr\u00f3nico, \u00e9ste ser\u00e1 incorporado al fichero CURR\u00cdCULOS, titularidad de Electricidad Tenerife, S.L., con la finalidad de gestionar su participaci\u00f3n en los procesos de selecci\u00f3n de personal. En ning\u00fan caso los utilizaremos para otro tratamiento, manteni\u00e9ndolos bajo las medidas de seguridad que establece la Ley Org\u00e1nica 15\/1999 de Protecci\u00f3n de Datos de Car\u00e1cter Personal, sus normas y reglamentos de desarrollo.<\/span><\/p>\n<p class=\"p2\"><span class=\"s1\">Mantendremos sus datos personales a fin de poder utilizarlos en futuros procesos de selecci\u00f3n. Por esa raz\u00f3n, y en cumplimiento del principio de calidad de los datos, le rogamos que en caso de que se produzca alguna modificaci\u00f3n de los mismos nos lo comunique oportunamente.<\/span><\/p>\n<p class=\"p2\"><span class=\"s1\">Igualmente, le recordamos que los datos facilitados deben de ser adecuados, pertinentes y no excesivos para la selecci\u00f3n de personal, por ello, abst\u00e9ngase de incluir informaci\u00f3n no necesaria a su curr\u00edculo, para as\u00ed respetar el principio de calidad de datos.<\/span><\/p>\n<p class=\"p2\"><span class=\"s1\">El solicitante consiente de forma expresa que su curr\u00edculo pueda ser cedido a terceras empresas con las que el responsable del fichero mantiene relaci\u00f3n para la selecci\u00f3n de su propio personal. De negarse a esta cesi\u00f3n, ind\u00edquelo en su curr\u00edculo.<\/span><\/p>\n<p class=\"p2\"><span class=\"s1\">Cualquier incidencia que tenga respecto a sus datos personales, puede ejercer los derechos de acceso, rectificaci\u00f3n, cancelaci\u00f3n y oposici\u00f3n en cualquier momento, mediante escrito, acompa\u00f1ado de copia de documento oficial que le identifique, dirigido a Electricidad Tenerife, S.L. &#8211; Av. Gran Duque, N\u00ba 3, La Gallega 38108 S\/C de Tenerife \u2013 S\/C de Tenerife.<\/span><\/p>\n<h4 class=\"p1\"><span class=\"s1\">Pol\u00edtica de protecci\u00f3n de menores<\/span><\/h4>\n<p class=\"p2\"><span class=\"s1\">Queda prohibido el acceso y uso de este sitio Web a los menores de 14 a\u00f1os que no est\u00e9n debidamente autorizados. Electricidad Tenerife, S.L. entiende que desde el momento en que un menor accede a esta Web, cuenta con el permiso de sus padres, de su tutor o de su representante legal.<\/span><\/p>\n<p class=\"p2\"><span class=\"s1\">Electricidad Tenerife, S.L. recuerda a las personas mayores de edad que tengan a su cargo menores, que ser\u00e1 de su exclusiva responsabilidad si alg\u00fan menor incorpora sus datos para solicitar alg\u00fan servicio.<\/span><\/p>\n<p class=\"p2\"><span class=\"s1\">Tambi\u00e9n les informa que existen programas inform\u00e1ticos para acotar la navegaci\u00f3n mediante el filtro o bloqueo a determinados contenidos.<\/span><\/p>\n<h4 class=\"p1\"><span class=\"s1\">Modificaci\u00f3n de las presentes condiciones y duraci\u00f3n<\/span><\/h4>\n<p class=\"p2\"><span class=\"s1\">Electricidad Tenerife, S.L. podr\u00e1 modificar en cualquier momento las condiciones aqu\u00ed determinadas, siendo debidamente publicadas como aqu\u00ed aparecen, por sus propios criterios o motivado por la modificaci\u00f3n de legislaci\u00f3n o directrices de la Agencia Espa\u00f1ola de Protecci\u00f3n de Datos. La vigencia de las citadas condiciones se aplicar\u00e1 hasta que sean modificadas por otras debidamente publicadas.<\/span><\/p>\n<h4 class=\"p1\"><span class=\"s1\">Legislaci\u00f3n y jurisdicci\u00f3n<\/span><\/h4>\n<p class=\"p4\"><span class=\"s2\">La legislaci\u00f3n aplicable al contenido del sitio web, ser\u00e1 la espa\u00f1ola y la jurisdicci\u00f3n, la correspondiente a los Juzgados y Tribunales competentes en Espa\u00f1a.<\/span><\/p>\n<p>&nbsp;<\/p>\n<h4>Curr\u00edculos enviados por correo electr\u00f3nico<\/h4>\n<p>Le comunicamos que los datos de curr\u00edculo que nos pueda enviar ser\u00e1n utilizados, con la finalidad de gestionar su participaci\u00f3n en los procesos de selecci\u00f3n de personal del Responsable del Tratamiento Electricidad Tenerife, S.L. En ning\u00fan caso los utilizaremos para otra finalidad, manteni\u00e9ndolos bajo las medidas de seguridad necesarias conforme establece la normativa vigente en materia de Protecci\u00f3n de Datos. Todo en base a su consentimiento expreso.<\/p>\n<p>Mantendremos sus datos personales durante 3 a\u00f1os, a fin de poder utilizarlos en futuros procesos de selecci\u00f3n. Por esa raz\u00f3n, y en cumplimiento del principio de calidad de los datos, le rogamos que en caso de que se produzca alguna modificaci\u00f3n de los mismos nos lo comunique oportunamente.<\/p>\n<p>Igualmente, le recordamos que los datos facilitados deben de ser adecuados, pertinentes y no excesivos para la selecci\u00f3n de personal, por ello, abst\u00e9ngase de incluir informaci\u00f3n no necesaria a su curr\u00edculo, para as\u00ed respetar el principio de calidad de datos.<\/p>\n<p>Ante cualquier incidencia que tenga respecto al tratamiento que realizamos de sus datos personales, usted puede ejercer los derechos de acceso, rectificaci\u00f3n, supresi\u00f3n y portabilidad de sus datos, y la limitaci\u00f3n u oposici\u00f3n a su tratamiento, en cualquier momento, por medio de documento que le identifique, dirigido a Electricidad Tenerife, S.L. \u2013 Av. Gran Duque, N\u00ba 3, La Gallega, 38108 S\/C de Tenerife \u2013 S\/C de Tenerife. E-mail: mail@electricidadtenerife.com. En el caso de no haber obtenido satisfacci\u00f3n en el ejercicio de sus derechos, puede presentar reclamaci\u00f3n ante la Autoridad de Control. M\u00e1s informaci\u00f3n sobre el ejercicio de derechos y\u00a0Protecci\u00f3n de Datos en nuestra p\u00e1gina web www.electricidadtenerife.com[\/et_pb_text][\/et_pb_column][\/et_pb_row][\/et_pb_section]<\/p>\n","protected":false},"excerpt":{"rendered":"<p>Pol\u00edtica de Protecci\u00f3n de Datos En cumplimiento de la Ley Org\u00e1nica 15\/1999 de Protecci\u00f3n de Datos de Car\u00e1cter Personal, informamos que los datos personales facilitados mediante el env\u00edo de correos electr\u00f3nicos o cualquier otro tipo de solicitud de informaci\u00f3n, ser\u00e1n incorporados al fichero P\u00c1GINA WEB, REDES SOCIALES Y CORREO, titularidad de Electricidad Tenerife, S.L. con [&hellip;]<\/p>\n","protected":false},"author":1,"featured_media":714,"parent":0,"menu_order":0,"comment_status":"closed","ping_status":"closed","template":"","meta":{"_et_pb_use_builder":"on","_et_pb_old_content":"<h4 class=\"p1\"><span class=\"s1\">Pol\u00edtica de Protecci\u00f3n de Datos<\/span><\/h4>\r\n<p class=\"p2\"><span class=\"s1\">En cumplimiento de la Ley Org\u00e1nica 15\/1999 de Protecci\u00f3n de Datos de Car\u00e1cter Personal, informamos que los datos personales facilitados mediante el env\u00edo de correos electr\u00f3nicos o cualquier otro tipo de solicitud de informaci\u00f3n, ser\u00e1n incorporados al fichero P\u00c1GINA WEB, REDES SOCIALES Y CORREO, titularidad de Electricidad Tenerife, S.L. con la finalidad de facilitarle la informaci\u00f3n solicitada acerca de nuestros servicios. El interesado presta su consentimiento expreso para el tratamiento de sus datos personales y para recibir comunicaciones comerciales sobre nuestros servicios.<\/span><\/p>\r\n<p class=\"p2\"><span class=\"s1\">Asimismo, le comunicamos que, en el caso de que nos remita su curr\u00edculo por correo electr\u00f3nico, \u00e9ste ser\u00e1 incorporado al fichero CURR\u00cdCULOS, titularidad de Electricidad Tenerife, S.L., con la finalidad de gestionar su participaci\u00f3n en los procesos de selecci\u00f3n de personal. En ning\u00fan caso los utilizaremos para otro tratamiento, manteni\u00e9ndolos bajo las medidas de seguridad que establece la Ley Org\u00e1nica 15\/1999 de Protecci\u00f3n de Datos de Car\u00e1cter Personal, sus normas y reglamentos de desarrollo.<\/span><\/p>\r\n<p class=\"p2\"><span class=\"s1\">Mantendremos sus datos personales a fin de poder utilizarlos en futuros procesos de selecci\u00f3n. Por esa raz\u00f3n, y en cumplimiento del principio de calidad de los datos, le rogamos que en caso de que se produzca alguna modificaci\u00f3n de los mismos nos lo comunique oportunamente.<\/span><\/p>\r\n<p class=\"p2\"><span class=\"s1\">Igualmente, le recordamos que los datos facilitados deben de ser adecuados, pertinentes y no excesivos para la selecci\u00f3n de personal, por ello, abst\u00e9ngase de incluir informaci\u00f3n no necesaria a su curr\u00edculo, para as\u00ed respetar el principio de calidad de datos.<\/span><\/p>\r\n<p class=\"p2\"><span class=\"s1\">El solicitante consiente de forma expresa que su curr\u00edculo pueda ser cedido a terceras empresas con las que el responsable del fichero mantiene relaci\u00f3n para la selecci\u00f3n de su propio personal. De negarse a esta cesi\u00f3n, ind\u00edquelo en su curr\u00edculo.<\/span><\/p>\r\n<p class=\"p2\"><span class=\"s1\">Cualquier incidencia que tenga respecto a sus datos personales, puede ejercer los derechos de acceso, rectificaci\u00f3n, cancelaci\u00f3n y oposici\u00f3n en cualquier momento, mediante escrito, acompa\u00f1ado de copia de documento oficial que le identifique, dirigido a Electricidad Tenerife, S.L. - Av. Gran Duque, N\u00ba 3, La Gallega 38108 S\/C de Tenerife \u2013 S\/C de Tenerife.<\/span><\/p>\r\n\r\n<h4 class=\"p1\"><span class=\"s1\">Pol\u00edtica de protecci\u00f3n de menores<\/span><\/h4>\r\n<p class=\"p2\"><span class=\"s1\">Queda prohibido el acceso y uso de este sitio Web a los menores de 14 a\u00f1os que no est\u00e9n debidamente autorizados. Electricidad Tenerife, S.L. entiende que desde el momento en que un menor accede a esta Web, cuenta con el permiso de sus padres, de su tutor o de su representante legal.<\/span><\/p>\r\n<p class=\"p2\"><span class=\"s1\">Electricidad Tenerife, S.L. recuerda a las personas mayores de edad que tengan a su cargo menores, que ser\u00e1 de su exclusiva responsabilidad si alg\u00fan menor incorpora sus datos para solicitar alg\u00fan servicio.<\/span><\/p>\r\n<p class=\"p2\"><span class=\"s1\">Tambi\u00e9n les informa que existen programas inform\u00e1ticos para acotar la navegaci\u00f3n mediante el filtro o bloqueo a determinados contenidos.<\/span><\/p>\r\n\r\n<h4 class=\"p1\"><span class=\"s1\">Modificaci\u00f3n de las presentes condiciones y duraci\u00f3n<\/span><\/h4>\r\n<p class=\"p2\"><span class=\"s1\">Electricidad Tenerife, S.L. podr\u00e1 modificar en cualquier momento las condiciones aqu\u00ed determinadas, siendo debidamente publicadas como aqu\u00ed aparecen, por sus propios criterios o motivado por la modificaci\u00f3n de legislaci\u00f3n o directrices de la Agencia Espa\u00f1ola de Protecci\u00f3n de Datos. La vigencia de las citadas condiciones se aplicar\u00e1 hasta que sean modificadas por otras debidamente publicadas.<\/span><\/p>\r\n\r\n<h4 class=\"p1\"><span class=\"s1\">Legislaci\u00f3n y jurisdicci\u00f3n<\/span><\/h4>\r\n<p class=\"p4\"><span class=\"s2\">La legislaci\u00f3n aplicable al contenido del sitio web, ser\u00e1 la espa\u00f1ola y la jurisdicci\u00f3n, la correspondiente a los Juzgados y Tribunales competentes en Espa\u00f1a.<\/span><\/p>\r\n&nbsp;\r\n<h4>Curr\u00edculos enviados por correo electr\u00f3nico<\/h4>\r\nLe comunicamos que los datos de curr\u00edculo que nos pueda enviar ser\u00e1n utilizados, con la finalidad de gestionar su participaci\u00f3n en los procesos de selecci\u00f3n de personal del Responsable del Tratamiento Electricidad Tenerife, S.L. En ning\u00fan caso los utilizaremos para otra finalidad, manteni\u00e9ndolos bajo las medidas de seguridad necesarias conforme establece la normativa vigente en materia de Protecci\u00f3n de Datos. Todo en base a su consentimiento expreso.\r\n\r\nMantendremos sus datos personales durante 3 a\u00f1os, a fin de poder utilizarlos en futuros procesos de selecci\u00f3n. Por esa raz\u00f3n, y en cumplimiento del principio de calidad de los datos, le rogamos que en caso de que se produzca alguna modificaci\u00f3n de los mismos nos lo comunique oportunamente.\r\n\r\nIgualmente, le recordamos que los datos facilitados deben de ser adecuados, pertinentes y no excesivos para la selecci\u00f3n de personal, por ello, abst\u00e9ngase de incluir informaci\u00f3n no necesaria a su curr\u00edculo, para as\u00ed respetar el principio de calidad de datos.\r\n\r\nAnte cualquier incidencia que tenga respecto al tratamiento que realizamos de sus datos personales, usted puede ejercer los derechos de acceso, rectificaci\u00f3n, supresi\u00f3n y portabilidad de sus datos, y la limitaci\u00f3n u oposici\u00f3n a su tratamiento, en cualquier momento, por medio de documento que le identifique, dirigido a Electricidad Tenerife, S.L. \u2013 Av. Gran Duque, N\u00ba 3, La Gallega, 38108 S\/C de Tenerife \u2013 S\/C de Tenerife. E-mail: mail@electricidadtenerife.com. En el caso de no haber obtenido satisfacci\u00f3n en el ejercicio de sus derechos, puede presentar reclamaci\u00f3n ante la Autoridad de Control. M\u00e1s informaci\u00f3n sobre el ejercicio de derechos y\u00a0Protecci\u00f3n de Datos en nuestra p\u00e1gina web www.electricidadtenerife.com","_et_gb_content_width":"","footnotes":""},"class_list":["post-69","page","type-page","status-publish","has-post-thumbnail","hentry"],"_links":{"self":[{"href":"https:\/\/electricidadtenerife.com\/index.php?rest_route=\/wp\/v2\/pages\/69","targetHints":{"allow":["GET"]}}],"collection":[{"href":"https:\/\/electricidadtenerife.com\/index.php?rest_route=\/wp\/v2\/pages"}],"about":[{"href":"https:\/\/electricidadtenerife.com\/index.php?rest_route=\/wp\/v2\/types\/page"}],"author":[{"embeddable":true,"href":"https:\/\/electricidadtenerife.com\/index.php?rest_route=\/wp\/v2\/users\/1"}],"replies":[{"embeddable":true,"href":"https:\/\/electricidadtenerife.com\/index.php?rest_route=%2Fwp%2Fv2%2Fcomments&post=69"}],"version-history":[{"count":4,"href":"https:\/\/electricidadtenerife.com\/index.php?rest_route=\/wp\/v2\/pages\/69\/revisions"}],"predecessor-version":[{"id":835,"href":"https:\/\/electricidadtenerife.com\/index.php?rest_route=\/wp\/v2\/pages\/69\/revisions\/835"}],"wp:featuredmedia":[{"embeddable":true,"href":"https:\/\/electricidadtenerife.com\/index.php?rest_route=\/wp\/v2\/media\/714"}],"wp:attachment":[{"href":"https:\/\/electricidadtenerife.com\/index.php?rest_route=%2Fwp%2Fv2%2Fmedia&parent=69"}],"curies":[{"name":"wp","href":"https:\/\/api.w.org\/{rel}","templated":true}]}}